North Facing Camera Click On Play Button To View Live Image |
Sky Facing Camera Click On Image To View Full Screen In New Window |
NOAA-Style Climate Reports
Select a Year or Month report
2024: Jan Feb Mar Apr May Jun Jul Aug Sep Oct Nov Dec
2023: Jan Feb Mar Apr May Jun Jul Aug Sep Oct Nov Dec
2022: Jan Feb Mar Apr May Jun Jul Aug Sep Oct Nov Dec
2021: Jan Feb Mar Apr May Jun Jul Aug Sep Oct Nov Dec
2020: Jan Feb Mar Apr May Jun Jul Aug Sep Oct Nov Dec
2019: Jan Feb Mar Apr May Jun Jul Aug Sep Oct Nov Dec
2018: Jan Feb Mar Apr May Jun Jul Aug Sep Oct Nov Dec
2017: Jan Feb Mar Apr May Jun Jul Aug Sep Oct Nov Dec
2016: Jan Feb Mar Apr May Jun Jul Aug Sep Oct Nov Dec
2015: Jan Feb Mar Apr May Jun Jul Aug Sep Oct Nov Dec
2014: Jan Feb Mar Apr May Jun Jul Aug Sep Oct Nov Dec
2013: Jan Feb Mar Apr May Jun Jul Aug Sep Oct Nov Dec
2024: Jan Feb Mar Apr May Jun Jul Aug Sep Oct Nov Dec
2023: Jan Feb Mar Apr May Jun Jul Aug Sep Oct Nov Dec
2022: Jan Feb Mar Apr May Jun Jul Aug Sep Oct Nov Dec
2021: Jan Feb Mar Apr May Jun Jul Aug Sep Oct Nov Dec
2020: Jan Feb Mar Apr May Jun Jul Aug Sep Oct Nov Dec
2019: Jan Feb Mar Apr May Jun Jul Aug Sep Oct Nov Dec
2018: Jan Feb Mar Apr May Jun Jul Aug Sep Oct Nov Dec
2017: Jan Feb Mar Apr May Jun Jul Aug Sep Oct Nov Dec
2016: Jan Feb Mar Apr May Jun Jul Aug Sep Oct Nov Dec
2015: Jan Feb Mar Apr May Jun Jul Aug Sep Oct Nov Dec
2014: Jan Feb Mar Apr May Jun Jul Aug Sep Oct Nov Dec
2013: Jan Feb Mar Apr May Jun Jul Aug Sep Oct Nov Dec
Report for 2018 September
Monthly Climatological Summary for Sep 2018 Name: DW7240 City: Oshawa State: Ontario, Canada Elevation: 390 ft Lat: N 43 53 48 Lon: W 078 52 26 Temperature (°C), Rain (mm), Wind Speed (km/h) Heat Cool Avg Mean Deg Deg Wind Dom Day Temp High Time Low Time Days Days Rain Speed High Time Dir ---------------------------------------------------------------------------------- 01 22.4 28.6 14:41 16.5 04:31 0.3 4.5 0.0 1.1 22.5 12:01 SSW 02 24.9 27.8 13:47 22.7 04:18 0.0 6.6 0.0 3.3 33.8 12:18 SW 03 26.0 32.8 15:03 22.4 23:45 0.0 7.7 0.0 2.4 30.6 15:34 WSW 04 23.5 28.1 15:40 18.6 06:21 0.0 5.2 0.0 1.0 16.1 10:16 SE 05 26.4 32.6 16:17 20.1 07:00 0.0 8.1 0.0 3.0 40.2 16:47 SW 06 19.4 20.2 22:16 19.1 23:59 0.0 0.1 0.0 1.8 8.0 22:54 N 07 20.0 25.3 14:49 16.6 23:55 0.3 2.0 0.0 1.7 22.5 17:06 N 08 15.1 18.2 15:18 12.5 07:36 3.2 0.0 0.0 1.2 29.0 09:58 NNE 09 13.0 15.9 14:37 9.8 07:00 5.3 0.0 0.0 4.4 33.8 12:43 ENE 10 14.3 16.3 23:34 12.4 11:48 4.0 0.0 15.8 4.6 32.2 10:07 E 11 17.9 21.6 12:56 14.4 23:50 1.1 0.7 0.4 1.0 22.5 10:36 N 12 18.4 23.8 12:05 12.7 05:51 1.7 1.8 0.0 1.3 22.5 15:05 ESE 13 21.4 26.2 16:30 16.4 03:11 0.3 3.4 0.0 1.1 21.9 13:00 E 14 23.4 27.1 15:38 20.5 06:56 0.0 5.0 0.0 2.0 17.7 15:56 ESE 15 24.2 28.9 13:19 19.8 07:12 0.0 5.9 0.0 1.2 16.1 13:20 SSE 16 24.1 29.1 12:28 19.8 07:09 0.0 5.8 0.0 1.2 16.1 16:02 SE 17 22.9 27.2 13:05 18.8 07:00 0.0 4.6 0.0 1.0 19.3 14:55 SSW 18 21.6 28.4 13:55 16.4 23:40 0.2 3.4 0.0 1.9 25.7 19:09 NNW 19 17.3 21.6 16:51 13.8 07:34 1.6 0.5 0.0 0.6 20.9 00:15 N 20 16.4 19.3 13:33 13.4 06:37 2.0 0.1 0.0 2.8 27.4 21:44 ENE 21 22.9 29.7 16:29 15.8 23:59 0.1 4.7 2.4 8.0 67.6 17:35 W 22 13.3 17.4 14:56 9.9 23:58 5.0 0.0 0.0 2.8 37.0 00:34 NNW 23 13.6 19.2 13:14 7.7 07:16 4.7 0.0 0.0 1.2 19.3 14:00 SSE 24 14.0 19.1 20:48 7.8 07:28 4.4 0.1 0.0 4.4 37.0 13:07 ENE 25 17.4 20.6 23:53 15.0 02:45 1.4 0.5 19.4 1.9 24.1 04:10 SSE 26 19.1 23.1 10:09 11.4 23:36 1.0 1.8 1.0 5.0 40.2 14:26 WNW 27 13.4 17.6 13:58 8.9 05:39 4.9 0.0 0.0 0.9 24.1 14:43 SE 28 15.7 22.5 15:34 10.9 06:51 3.3 0.7 2.0 3.4 30.6 11:08 WSW 29 12.6 17.3 15:30 8.8 23:47 5.7 0.0 1.2 2.1 29.0 13:35 WNW 30 11.0 13.9 14:58 8.2 02:38 7.3 0.0 1.2 0.1 11.3 15:17 WNW ---------------------------------------------------------------------------------- 18.9 32.8 3 7.7 23 57.8 73.2 43.4 2.3 67.6 21 WNW Max >= 27.0 11 Max <= 0.0 0 Min <= 0.0 0 Min <= -18.0 0 Max Rain: 19.4 on day 25 Days of Rain: 8 (>= 0.2 mm) 4 (>= 2.0 mm) 0 (>= 20.0 mm) Heat Base: 18.3 Cool Base: 18.3 Method: Integration