North Facing Camera Click On Play Button To View Live Image |
Sky Facing Camera Click On Image To View Full Screen In New Window |
NOAA-Style Climate Reports
Select a Year or Month report
2024: jan feb maa apr mei jun jul aug sep okt nov dec
2023: jan feb maa apr mei jun jul aug sep okt nov dec
2022: jan feb maa apr mei jun jul aug sep okt nov dec
2021: jan feb maa apr mei jun jul aug sep okt nov dec
2020: jan feb maa apr mei jun jul aug sep okt nov dec
2019: jan feb maa apr mei jun jul aug sep okt nov dec
2018: jan feb maa apr mei jun jul aug sep okt nov dec
2017: jan feb maa apr mei jun jul aug sep okt nov dec
2016: jan feb maa apr mei jun jul aug sep okt nov dec
2015: jan feb maa apr mei jun jul aug sep okt nov dec
2014: jan feb maa apr mei jun jul aug sep okt nov dec
2013: jan feb maa apr mei jun jul aug sep okt nov dec
2024: jan feb maa apr mei jun jul aug sep okt nov dec
2023: jan feb maa apr mei jun jul aug sep okt nov dec
2022: jan feb maa apr mei jun jul aug sep okt nov dec
2021: jan feb maa apr mei jun jul aug sep okt nov dec
2020: jan feb maa apr mei jun jul aug sep okt nov dec
2019: jan feb maa apr mei jun jul aug sep okt nov dec
2018: jan feb maa apr mei jun jul aug sep okt nov dec
2017: jan feb maa apr mei jun jul aug sep okt nov dec
2016: jan feb maa apr mei jun jul aug sep okt nov dec
2015: jan feb maa apr mei jun jul aug sep okt nov dec
2014: jan feb maa apr mei jun jul aug sep okt nov dec
2013: jan feb maa apr mei jun jul aug sep okt nov dec
Report for 2024 juni
Monthly Climatological Summary for Jun. 2024 Name: DW7240 City: Oshawa State: Ontario, Canada Elevation: 109 m Lat: N 43° 53' 48" Lon: W 078° 52' 23" Temperature (°C), Rain (mm), Wind Speed (km/h) Heat Cool Avg Mean Deg Deg Wind Dom Day Temp High Time Low Time Days Days Rain Speed High Time Dir ---------------------------------------------------------------------------------- 01 22.5 23.0 20:06 22.0 06:38 0.0 4.2 0.0 0.0 0.0 00:00 N 02 22.6 22.9 00:08 22.2 08:27 0.0 4.3 0.0 0.0 0.0 00:00 N 03 22.7 23.2 17:34 22.3 06:48 0.0 4.4 0.0 0.0 0.0 00:00 N 04 23.2 24.1 17:34 22.7 06:07 0.0 4.9 0.0 0.0 0.0 00:00 N 05 23.5 24.2 19:17 23.1 05:11 0.0 5.0 0.0 0.0 0.0 00:00 N 06 24.0 24.9 19:48 23.4 08:05 0.0 5.7 0.0 0.0 0.0 00:00 N 07 23.5 24.2 00:00 22.8 23:49 0.0 5.2 0.0 0.0 13.0 11:49 N 08 22.6 22.9 03:35 22.4 11:50 0.0 4.3 0.0 0.0 0.0 00:00 N 09 22.3 22.7 01:10 21.9 17:43 0.0 4.0 0.0 0.0 0.0 00:00 N 10 22.0 22.3 15:33 21.7 08:23 0.0 3.7 0.0 0.0 0.0 00:00 N 11 21.9 22.4 17:59 21.4 23:59 0.0 3.6 0.0 0.0 0.0 00:00 N 12 22.2 23.9 20:59 21.4 00:01 0.0 3.8 0.0 0.0 0.0 00:00 N 13 23.1 24.1 20:30 22.3 06:54 0.0 4.8 0.0 0.0 0.0 00:00 N 14 23.3 23.9 17:55 22.8 08:47 0.0 5.0 0.0 0.0 0.0 00:00 N 15 23.1 23.5 18:13 22.8 07:02 0.0 4.8 0.0 0.0 0.0 00:00 N 16 23.1 23.4 16:03 22.7 06:46 0.0 4.8 0.0 0.0 0.0 00:00 N ---------------------------------------------------------------------------------- 22.8 24.9 6 21.4 12 0.0 72.5 0.0 0.0 13.0 7 E Max >= 27.0 0 Max <= 0.0 0 Min <= 0.0 0 Min <= -18.0 0 Max Rain: 0.0 on day 0 Days of Rain: 0 (>= 0.2 mm) 0 (>= 2.0 mm) 0 (>= 20.0 mm) Heat Base: 18.3 Cool Base: 18.3 Method: Integration