North Facing Camera Click On Play Button To View Live Image |
Sky Facing Camera Click On Image To View Full Screen In New Window |
NOAA-Style Climate Reports
Select a Year or Month report
2024: Jan Feb Mar Apr May Jun Jul Aug Sep Oct Nov Dec
2023: Jan Feb Mar Apr May Jun Jul Aug Sep Oct Nov Dec
2022: Jan Feb Mar Apr May Jun Jul Aug Sep Oct Nov Dec
2021: Jan Feb Mar Apr May Jun Jul Aug Sep Oct Nov Dec
2020: Jan Feb Mar Apr May Jun Jul Aug Sep Oct Nov Dec
2019: Jan Feb Mar Apr May Jun Jul Aug Sep Oct Nov Dec
2018: Jan Feb Mar Apr May Jun Jul Aug Sep Oct Nov Dec
2017: Jan Feb Mar Apr May Jun Jul Aug Sep Oct Nov Dec
2016: Jan Feb Mar Apr May Jun Jul Aug Sep Oct Nov Dec
2015: Jan Feb Mar Apr May Jun Jul Aug Sep Oct Nov Dec
2014: Jan Feb Mar Apr May Jun Jul Aug Sep Oct Nov Dec
2013: Jan Feb Mar Apr May Jun Jul Aug Sep Oct Nov Dec
2024: Jan Feb Mar Apr May Jun Jul Aug Sep Oct Nov Dec
2023: Jan Feb Mar Apr May Jun Jul Aug Sep Oct Nov Dec
2022: Jan Feb Mar Apr May Jun Jul Aug Sep Oct Nov Dec
2021: Jan Feb Mar Apr May Jun Jul Aug Sep Oct Nov Dec
2020: Jan Feb Mar Apr May Jun Jul Aug Sep Oct Nov Dec
2019: Jan Feb Mar Apr May Jun Jul Aug Sep Oct Nov Dec
2018: Jan Feb Mar Apr May Jun Jul Aug Sep Oct Nov Dec
2017: Jan Feb Mar Apr May Jun Jul Aug Sep Oct Nov Dec
2016: Jan Feb Mar Apr May Jun Jul Aug Sep Oct Nov Dec
2015: Jan Feb Mar Apr May Jun Jul Aug Sep Oct Nov Dec
2014: Jan Feb Mar Apr May Jun Jul Aug Sep Oct Nov Dec
2013: Jan Feb Mar Apr May Jun Jul Aug Sep Oct Nov Dec
Report for 2014 June
Monthly Climatological Summary for Jun 2014 Name: DW7240 City: Oshawa State: Ontario, Canada Elevation: 109 m Lat: N 43° 53' 49" Lon: W 078° 52' 26" Temperature (°C), Rain (mm), Wind Speed (km/h) Heat Cool Avg Mean Deg Deg Wind Dom Day Temp High Time Low Time Days Days Rain Speed High Time Dir ---------------------------------------------------------------------------------- 1 17.4 23.7 16:13 10.4 04:59 2.3 1.4 0.0 3.1 22.5 16:51 SE 2 19.6 25.9 13:15 13.4 05:49 1.2 2.5 0.0 4.6 25.7 13:32 SSW 3 19.0 25.1 15:15 14.1 23:58 0.7 1.4 0.0 6.9 41.8 17:04 WSW 4 16.8 22.7 11:47 11.4 03:27 2.4 0.9 0.0 5.7 32.2 13:15 W 5 14.1 17.7 19:06 10.2 02:59 4.2 0.0 0.0 6.3 33.8 09:01 NNW 6 17.7 24.9 14:26 10.1 06:10 2.6 2.0 0.0 5.5 27.4 12:09 NW 7 19.1 25.4 17:08 9.5 05:56 2.2 3.0 0.0 3.4 19.3 13:14 SW 8 17.9 22.3 10:18 12.7 03:15 1.5 1.1 0.0 2.1 19.3 15:36 NNE 9 21.6 27.5 15:37 16.7 03:13 0.3 3.5 0.0 4.2 24.1 01:55 NE 10 20.5 24.8 10:45 16.1 05:32 0.3 2.5 0.0 2.6 19.3 10:51 SE 11 19.6 24.4 16:49 17.1 10:08 0.2 1.5 0.0 2.7 27.4 18:56 ESE 12 19.5 24.3 16:17 16.6 07:40 0.4 1.6 0.0 3.2 25.7 13:59 SE 13 19.0 24.5 16:41 12.7 23:35 0.8 1.5 0.0 5.6 33.8 20:43 WNW 14 15.3 20.3 14:59 11.5 06:18 3.1 0.2 0.0 7.1 32.2 12:31 NW 15 15.8 20.7 14:37 10.6 05:03 2.8 0.4 0.0 3.6 20.9 11:54 SSE 16 17.4 25.6 17:11 12.3 04:25 2.2 1.3 0.0 2.2 20.9 18:11 SE 17 18.8 22.4 11:45 14.1 04:51 0.9 1.4 0.0 3.8 37.0 18:43 SSE 18 20.6 25.5 12:23 18.2 06:23 0.0 2.3 0.0 4.9 29.0 00:44 WNW 19 20.5 26.1 13:12 16.5 23:58 0.3 2.5 0.0 3.8 19.3 10:21 WSW 20 18.1 23.1 12:09 13.7 04:21 1.5 1.3 0.0 4.0 22.5 13:09 SSE 21 19.1 25.1 12:14 12.6 05:32 1.6 2.4 0.0 3.7 25.7 14:18 SSW 22 20.0 26.4 11:30 12.5 05:15 1.4 3.1 0.0 3.1 20.9 13:40 SSE 23 20.4 25.6 14:52 15.1 04:31 0.7 2.8 0.0 1.6 22.5 09:47 ESE 24 21.7 27.3 15:58 18.2 06:01 0.0 3.4 0.0 3.1 24.1 14:35 SSW 25 21.0 23.7 14:23 19.8 06:14 0.0 2.7 1.3 1.2 21.3 20:16 SE 26 23.4 28.9 13:08 18.7 06:13 0.0 5.1 0.0 4.1 20.9 14:25 W 27 23.0 28.7 14:03 16.7 05:15 0.2 4.9 0.0 3.1 19.3 14:50 SE 28 23.9 29.6 15:27 18.4 03:08 0.0 5.6 0.0 2.5 19.3 08:48 SE 29 24.4 29.4 15:23 19.9 05:20 0.0 6.1 0.0 4.4 25.7 17:36 SSE 30 24.7 29.7 16:07 20.8 03:10 0.0 6.4 0.0 6.2 33.8 15:36 SSW ---------------------------------------------------------------------------------- 19.7 29.7 30 9.5 7 33.8 74.8 1.3 3.9 41.8 25 SW Max >= 27.0: 7 Max <= 0.0: 0 Min <= 0.0: 0 Min <= -18.0: 0 Max Rain: 1.3 on day 25 Days of Rain: 1 (>= 0.2 mm) 0 (>= 2.0 mm) 0 (>= 20.0 mm) Heat Base: 18.3 Cool Base: 18.3 Method: Integration